{"id":188,"date":"2021-04-13T10:59:01","date_gmt":"2021-04-13T10:59:01","guid":{"rendered":"https:\/\/cantus-rheinfelden.ch\/?page_id=188"},"modified":"2022-04-30T16:08:26","modified_gmt":"2022-04-30T16:08:26","slug":"angelika-hirsch","status":"publish","type":"page","link":"https:\/\/staging.cantus-rheinfelden.ch\/?page_id=188","title":{"rendered":"Angelika Hirsch"},"content":{"rendered":"\t\t<div data-elementor-type=\"wp-page\" data-elementor-id=\"188\" class=\"elementor elementor-188\">\n\t\t\t\t\t\t\t\t\t<section class=\"elementor-section elementor-top-section elementor-element elementor-element-8ce5c85 elementor-section-boxed elementor-section-height-default elementor-section-height-default\" data-id=\"8ce5c85\" data-element_type=\"section\">\n\t\t\t\t\t\t<div class=\"elementor-container elementor-column-gap-default\">\n\t\t\t\t\t<div class=\"elementor-column elementor-col-100 elementor-top-column elementor-element elementor-element-6b9d377\" data-id=\"6b9d377\" data-element_type=\"column\">\n\t\t\t<div class=\"elementor-widget-wrap elementor-element-populated\">\n\t\t\t\t\t\t\t\t<div class=\"elementor-element elementor-element-8b14dad elementor-widget elementor-widget-image\" data-id=\"8b14dad\" data-element_type=\"widget\" data-widget_type=\"image.default\">\n\t\t\t\t<div class=\"elementor-widget-container\">\n\t\t\t<style>\/*! elementor - v3.6.5 - 27-04-2022 *\/\n.elementor-widget-image{text-align:center}.elementor-widget-image a{display:inline-block}.elementor-widget-image a img[src$=\".svg\"]{width:48px}.elementor-widget-image img{vertical-align:middle;display:inline-block}<\/style>\t\t\t\t\t\t\t\t\t\t\t\t<img loading=\"lazy\" decoding=\"async\" width=\"420\" height=\"450\" src=\"https:\/\/staging.cantus-rheinfelden.ch\/wp-content\/uploads\/2021\/04\/20170321091836_Angelika-Hirsch-2017.jpg\" class=\"attachment-large size-large\" alt=\"\" srcset=\"https:\/\/staging.cantus-rheinfelden.ch\/wp-content\/uploads\/2021\/04\/20170321091836_Angelika-Hirsch-2017.jpg 420w, https:\/\/staging.cantus-rheinfelden.ch\/wp-content\/uploads\/2021\/04\/20170321091836_Angelika-Hirsch-2017-280x300.jpg 280w\" sizes=\"auto, (max-width: 420px) 100vw, 420px\" \/>\t\t\t\t\t\t\t\t\t\t\t\t\t\t\t<\/div>\n\t\t\t\t<\/div>\n\t\t\t\t<div class=\"elementor-element elementor-element-392c44a7 elementor-widget elementor-widget-text-editor\" data-id=\"392c44a7\" data-element_type=\"widget\" data-widget_type=\"text-editor.default\">\n\t\t\t\t<div class=\"elementor-widget-container\">\n\t\t\t<style>\/*! elementor - v3.6.5 - 27-04-2022 *\/\n.elementor-widget-text-editor.elementor-drop-cap-view-stacked .elementor-drop-cap{background-color:#818a91;color:#fff}.elementor-widget-text-editor.elementor-drop-cap-view-framed .elementor-drop-cap{color:#818a91;border:3px solid;background-color:transparent}.elementor-widget-text-editor:not(.elementor-drop-cap-view-default) .elementor-drop-cap{margin-top:8px}.elementor-widget-text-editor:not(.elementor-drop-cap-view-default) .elementor-drop-cap-letter{width:1em;height:1em}.elementor-widget-text-editor .elementor-drop-cap{float:left;text-align:center;line-height:1;font-size:50px}.elementor-widget-text-editor .elementor-drop-cap-letter{display:inline-block}<\/style>\t\t\t\t<!-- wp:image {\"align\":\"center\",\"id\":189,\"sizeSlug\":\"large\",\"linkDestination\":\"none\",\"className\":\"is-style-default\"} -->\n<div class=\"wp-block-image is-style-default\">\n<figure class=\"aligncenter size-large\"><span style=\"font-family: var( --eksell-body-font );\">Angelika Hirsch, in Ulm geboren, studierte Orgel und Cembalo sowie Chor- und Orchesterleitung am Richard Strauss-Konservatorium in M\u00fcnchen und beendete das Studium mit dem Konzertdiplom.<\/span><\/figure>\n<figure><\/figure>\n<figure class=\"aligncenter size-large\"><span style=\"font-family: var( --eksell-body-font );\">1992 &#8211; 1996 erfolgte ein Aufbaustudium in historischer Auff\u00fchrungspraxis an der Schola Cantorum Basel bei J.-C. Zehnder (Orgel, Cembalo), R. Lutz (Orgelimprovisation) und J. Christensen (Ensemble).<\/span><\/figure>\n<\/div>\n<!-- \/wp:paragraph --><!-- wp:paragraph {\"align\":\"left\",\"className\":\"is-style-no-vertical-margin\"} -->\n<p class=\"has-text-align-left is-style-no-vertical-margin\">Im Jahr 2008 gr\u00fcndete sie die Camerata Basel, deren Mitglieder professionelle Musikerinnen und Musiker sind, die sich mit historischen Instrumentarium der Musik des Barock, der Klassik und der Fr\u00fchromantik widmen.<\/p>\n<!-- \/wp:paragraph --><!-- wp:paragraph {\"align\":\"left\",\"className\":\"is-style-no-vertical-margin\"} -->\n<p>\u00a0<\/p>\n<p class=\"has-text-align-left is-style-no-vertical-margin\">Regelm\u00e4ssige Zusammenarbeit pflegt sie als Cembalistin und Organistin auch mit dem Capriccio Barockorchester und dem Ensemble &#8222;Les Cornets Noirs&#8220; mit welchem sie f\u00fcr die 2012 erschienene CD \u201eH\u00f6hepunkte barocker Mehrch\u00f6rigkeit\u201c den \u201eInternational classical music award\u201c gewann. Neben Rundfunk- und CD-Produktionen mit unterschiedlichen Kammermusikensembles wirkte sie an renommierten Festivals mit. Sie konzertiert regelm\u00e4ssig in der Schweiz sowie in verschiedenen L\u00e4ndern Europas.<\/p>\n<!-- \/wp:paragraph --><!-- wp:paragraph --><!-- \/wp:paragraph --><!-- wp:paragraph -->\n<p>\u00a0<\/p>\n<p>2016 schloss sie mit Erfolg eine Zusatz-Ausbildung in Integrativer Stimmtherapie und -p\u00e4dagogik ab, die ihr wertvolle Mittel f\u00fcr die chorische Stimmbildung und Stimmpflege vermitteln konnte.<\/p>\n<!-- \/wp:paragraph --><!-- wp:paragraph -->\n<p>\u00a0<\/p>\n<!-- \/wp:paragraph --><!-- wp:paragraph {\"align\":\"left\",\"className\":\"is-style-no-vertical-margin\"} -->\n<p class=\"has-text-align-left is-style-no-vertical-margin\"><strong>Aktuell<\/strong><br \/>Als Organistin ist sie an der r\u00f6m.-kath. Kirche in Kaiseraugst t\u00e4tig, in welcher sie auch die k\u00fcnstlerische Leitung der Reihe &#8222;Konzerte zu St.Gallus und Othmar&#8220; inne hat. Dar\u00fcber hinaus ist sie Dirigentin von Vox Raurica, Chor der katholischen Kirche Kaiseraugst und der Frauenschola Kaiseraugst. Seit Oktober 2002 leitet sie den CANTUS RHEINFELDEN. Seit Dezember 2016 ist sie zudem die neue musikalische Leiterin der Kantorei St. Arbogast Muttenz.<\/p>\n<!-- \/wp:paragraph -->\t\t\t\t\t\t<\/div>\n\t\t\t\t<\/div>\n\t\t\t\t\t<\/div>\n\t\t<\/div>\n\t\t\t\t\t\t\t<\/div>\n\t\t<\/section>\n\t\t\t\t\t\t\t<\/div>\n\t\t","protected":false},"excerpt":{"rendered":"<p>Im Jahr 2008 gr\u00fcndete sie die Camerata Basel, deren Mitglieder professionelle Musikerinnen und Musiker sind, die sich mit historischen Instrumentarium der Musik des Barock, der Klassik und der Fr\u00fchromantik widmen. \u00a0 Regelm\u00e4ssige Zusammenarbeit pflegt sie als Cembalistin und Organistin auch mit dem Capriccio Barockorchester und dem Ensemble &#8222;Les Cornets Noirs&#8220; mit welchem sie f\u00fcr die&hellip;<\/p>\n","protected":false},"author":2,"featured_media":0,"parent":0,"menu_order":0,"comment_status":"closed","ping_status":"closed","template":"","meta":{"footnotes":""},"class_list":["post-188","page","type-page","status-publish","hentry"],"_links":{"self":[{"href":"https:\/\/staging.cantus-rheinfelden.ch\/index.php?rest_route=\/wp\/v2\/pages\/188","targetHints":{"allow":["GET"]}}],"collection":[{"href":"https:\/\/staging.cantus-rheinfelden.ch\/index.php?rest_route=\/wp\/v2\/pages"}],"about":[{"href":"https:\/\/staging.cantus-rheinfelden.ch\/index.php?rest_route=\/wp\/v2\/types\/page"}],"author":[{"embeddable":true,"href":"https:\/\/staging.cantus-rheinfelden.ch\/index.php?rest_route=\/wp\/v2\/users\/2"}],"replies":[{"embeddable":true,"href":"https:\/\/staging.cantus-rheinfelden.ch\/index.php?rest_route=%2Fwp%2Fv2%2Fcomments&post=188"}],"version-history":[{"count":16,"href":"https:\/\/staging.cantus-rheinfelden.ch\/index.php?rest_route=\/wp\/v2\/pages\/188\/revisions"}],"predecessor-version":[{"id":689,"href":"https:\/\/staging.cantus-rheinfelden.ch\/index.php?rest_route=\/wp\/v2\/pages\/188\/revisions\/689"}],"wp:attachment":[{"href":"https:\/\/staging.cantus-rheinfelden.ch\/index.php?rest_route=%2Fwp%2Fv2%2Fmedia&parent=188"}],"curies":[{"name":"wp","href":"https:\/\/api.w.org\/{rel}","templated":true}]}}

<div data-elementor-type="wp-page" data-elementor-id="188" class="elementor elementor-188">
									<section class="elementor-section elementor-top-section elementor-element elementor-element-8ce5c85 elementor-section-boxed elementor-section-height-default elementor-section-height-default" data-id="8ce5c85" data-element_type="section">
						<div class="elementor-container elementor-column-gap-default">
					<div class="elementor-column elementor-col-100 elementor-top-column elementor-element elementor-element-6b9d377" data-id="6b9d377" data-element_type="column">
			<div class="elementor-widget-wrap elementor-element-populated">
								<div class="elementor-element elementor-element-8b14dad elementor-widget elementor-widget-image" data-id="8b14dad" data-element_type="widget" data-widget_type="image.default">
				<div class="elementor-widget-container">
			<style>/*! elementor - v3.6.5 - 27-04-2022 */
.elementor-widget-image{text-align:center}.elementor-widget-image a{display:inline-block}.elementor-widget-image a img[src$=".svg"]{width:48px}.elementor-widget-image img{vertical-align:middle;display:inline-block}</style>												<img loading="lazy" decoding="async" width="420" height="450" src="https://staging.cantus-rheinfelden.ch/wp-content/uploads/2021/04/20170321091836_Angelika-Hirsch-2017.jpg" class="attachment-large size-large" alt="" srcset="https://staging.cantus-rheinfelden.ch/wp-content/uploads/2021/04/20170321091836_Angelika-Hirsch-2017.jpg 420w, https://staging.cantus-rheinfelden.ch/wp-content/uploads/2021/04/20170321091836_Angelika-Hirsch-2017-280x300.jpg 280w" sizes="auto, (max-width: 420px) 100vw, 420px" />															</div>
				</div>
				<div class="elementor-element elementor-element-392c44a7 elementor-widget elementor-widget-text-editor" data-id="392c44a7" data-element_type="widget" data-widget_type="text-editor.default">
				<div class="elementor-widget-container">
			<style>/*! elementor - v3.6.5 - 27-04-2022 */
.elementor-widget-text-editor.elementor-drop-cap-view-stacked .elementor-drop-cap{background-color:#818a91;color:#fff}.elementor-widget-text-editor.elementor-drop-cap-view-framed .elementor-drop-cap{color:#818a91;border:3px solid;background-color:transparent}.elementor-widget-text-editor:not(.elementor-drop-cap-view-default) .elementor-drop-cap{margin-top:8px}.elementor-widget-text-editor:not(.elementor-drop-cap-view-default) .elementor-drop-cap-letter{width:1em;height:1em}.elementor-widget-text-editor .elementor-drop-cap{float:left;text-align:center;line-height:1;font-size:50px}.elementor-widget-text-editor .elementor-drop-cap-letter{display:inline-block}</style>				<!-- wp:image {"align":"center","id":189,"sizeSlug":"large","linkDestination":"none","className":"is-style-default"} -->
<div class="wp-block-image is-style-default">
<figure class="aligncenter size-large"><span style="font-family: var( --eksell-body-font );">Angelika Hirsch, in Ulm geboren, studierte Orgel und Cembalo sowie Chor- und Orchesterleitung am Richard Strauss-Konservatorium in München und beendete das Studium mit dem Konzertdiplom.</span></figure>
<figure></figure>
<figure class="aligncenter size-large"><span style="font-family: var( --eksell-body-font );">1992 &#8211; 1996 erfolgte ein Aufbaustudium in historischer Aufführungspraxis an der Schola Cantorum Basel bei J.-C. Zehnder (Orgel, Cembalo), R. Lutz (Orgelimprovisation) und J. Christensen (Ensemble).</span></figure>
</div>
<!-- /wp:paragraph --><!-- wp:paragraph {"align":"left","className":"is-style-no-vertical-margin"} -->
<p class="has-text-align-left is-style-no-vertical-margin">Im Jahr 2008 gründete sie die Camerata Basel, deren Mitglieder professionelle Musikerinnen und Musiker sind, die sich mit historischen Instrumentarium der Musik des Barock, der Klassik und der Frühromantik widmen.</p>
<!-- /wp:paragraph --><!-- wp:paragraph {"align":"left","className":"is-style-no-vertical-margin"} -->
<p> </p>
<p class="has-text-align-left is-style-no-vertical-margin">Regelmässige Zusammenarbeit pflegt sie als Cembalistin und Organistin auch mit dem Capriccio Barockorchester und dem Ensemble &#8222;Les Cornets Noirs&#8220; mit welchem sie für die 2012 erschienene CD „Höhepunkte barocker Mehrchörigkeit“ den „International classical music award“ gewann. Neben Rundfunk- und CD-Produktionen mit unterschiedlichen Kammermusikensembles wirkte sie an renommierten Festivals mit. Sie konzertiert regelmässig in der Schweiz sowie in verschiedenen Ländern Europas.</p>
<!-- /wp:paragraph --><!-- wp:paragraph --><!-- /wp:paragraph --><!-- wp:paragraph -->
<p> </p>
<p>2016 schloss sie mit Erfolg eine Zusatz-Ausbildung in Integrativer Stimmtherapie und -pädagogik ab, die ihr wertvolle Mittel für die chorische Stimmbildung und Stimmpflege vermitteln konnte.</p>
<!-- /wp:paragraph --><!-- wp:paragraph -->
<p> </p>
<!-- /wp:paragraph --><!-- wp:paragraph {"align":"left","className":"is-style-no-vertical-margin"} -->
<p class="has-text-align-left is-style-no-vertical-margin"><strong>Aktuell</strong><br />Als Organistin ist sie an der röm.-kath. Kirche in Kaiseraugst tätig, in welcher sie auch die künstlerische Leitung der Reihe &#8222;Konzerte zu St.Gallus und Othmar&#8220; inne hat. Darüber hinaus ist sie Dirigentin von Vox Raurica, Chor der katholischen Kirche Kaiseraugst und der Frauenschola Kaiseraugst. Seit Oktober 2002 leitet sie den CANTUS RHEINFELDEN. Seit Dezember 2016 ist sie zudem die neue musikalische Leiterin der Kantorei St. Arbogast Muttenz.</p>
<!-- /wp:paragraph -->						</div>
				</div>
					</div>
		</div>
							</div>
		</section>
							</div>

<p>Im Jahr 2008 gründete sie die Camerata Basel, deren Mitglieder professionelle Musikerinnen und Musiker sind, die sich mit historischen Instrumentarium der Musik des Barock, der Klassik und der Frühromantik widmen.   Regelmässige Zusammenarbeit pflegt sie als Cembalistin und Organistin auch mit dem Capriccio Barockorchester und dem Ensemble &#8222;Les Cornets Noirs&#8220; mit welchem sie für die&hellip;</p>
