{"id":146,"date":"2021-04-13T10:20:45","date_gmt":"2021-04-13T10:20:45","guid":{"rendered":"https:\/\/cantus-rheinfelden.ch\/?page_id=146"},"modified":"2022-04-30T09:02:53","modified_gmt":"2022-04-30T09:02:53","slug":"der-chor","status":"publish","type":"page","link":"https:\/\/staging.cantus-rheinfelden.ch\/?page_id=146","title":{"rendered":"Chor"},"content":{"rendered":"\t\t<div data-elementor-type=\"wp-page\" data-elementor-id=\"146\" class=\"elementor elementor-146\">\n\t\t\t\t\t\t\t\t\t<section class=\"elementor-section elementor-top-section elementor-element elementor-element-6d9778a elementor-section-boxed elementor-section-height-default elementor-section-height-default\" data-id=\"6d9778a\" data-element_type=\"section\">\n\t\t\t\t\t\t<div class=\"elementor-container elementor-column-gap-default\">\n\t\t\t\t\t<div class=\"elementor-column elementor-col-100 elementor-top-column elementor-element elementor-element-09d64d5\" data-id=\"09d64d5\" data-element_type=\"column\">\n\t\t\t<div class=\"elementor-widget-wrap elementor-element-populated\">\n\t\t\t\t\t\t\t\t<div class=\"elementor-element elementor-element-3d01350 elementor-widget elementor-widget-image\" data-id=\"3d01350\" data-element_type=\"widget\" data-widget_type=\"image.default\">\n\t\t\t\t<div class=\"elementor-widget-container\">\n\t\t\t<style>\/*! elementor - v3.6.5 - 27-04-2022 *\/\n.elementor-widget-image{text-align:center}.elementor-widget-image a{display:inline-block}.elementor-widget-image a img[src$=\".svg\"]{width:48px}.elementor-widget-image img{vertical-align:middle;display:inline-block}<\/style>\t\t\t\t\t\t\t\t\t\t\t\t<img loading=\"lazy\" decoding=\"async\" width=\"652\" height=\"367\" src=\"https:\/\/staging.cantus-rheinfelden.ch\/wp-content\/uploads\/2021\/04\/IMG_7352.jpg\" class=\"attachment-large size-large\" alt=\"\" srcset=\"https:\/\/staging.cantus-rheinfelden.ch\/wp-content\/uploads\/2021\/04\/IMG_7352.jpg 900w, https:\/\/staging.cantus-rheinfelden.ch\/wp-content\/uploads\/2021\/04\/IMG_7352-600x338.jpg 600w, https:\/\/staging.cantus-rheinfelden.ch\/wp-content\/uploads\/2021\/04\/IMG_7352-300x169.jpg 300w, https:\/\/staging.cantus-rheinfelden.ch\/wp-content\/uploads\/2021\/04\/IMG_7352-768x433.jpg 768w\" sizes=\"auto, (max-width: 652px) 100vw, 652px\" \/>\t\t\t\t\t\t\t\t\t\t\t\t\t\t\t<\/div>\n\t\t\t\t<\/div>\n\t\t\t\t<div class=\"elementor-element elementor-element-6193ee0 elementor-widget elementor-widget-text-editor\" data-id=\"6193ee0\" data-element_type=\"widget\" data-widget_type=\"text-editor.default\">\n\t\t\t\t<div class=\"elementor-widget-container\">\n\t\t\t<style>\/*! elementor - v3.6.5 - 27-04-2022 *\/\n.elementor-widget-text-editor.elementor-drop-cap-view-stacked .elementor-drop-cap{background-color:#818a91;color:#fff}.elementor-widget-text-editor.elementor-drop-cap-view-framed .elementor-drop-cap{color:#818a91;border:3px solid;background-color:transparent}.elementor-widget-text-editor:not(.elementor-drop-cap-view-default) .elementor-drop-cap{margin-top:8px}.elementor-widget-text-editor:not(.elementor-drop-cap-view-default) .elementor-drop-cap-letter{width:1em;height:1em}.elementor-widget-text-editor .elementor-drop-cap{float:left;text-align:center;line-height:1;font-size:50px}.elementor-widget-text-editor .elementor-drop-cap-letter{display:inline-block}<\/style>\t\t\t\t<p>CANTUS RHEINFELDEN vormals (<em>Projektchor Rheinfelden<\/em>) wurde 1996 gegr\u00fcndet, besteht aus durchschnittlich 70 S\u00e4ngerinnen und S\u00e4ngern aus Rheinfelden und Umgebung und praktiziert ein projektbezogenes Chormodell. Diese Form einer Chorarbeit, welche den Interessenten weitgehende Entscheidungsfreiheit zugesteht, hat sich bew\u00e4hrt. Trotzdem sind die meisten S\u00e4nger\/innen seit Jahren dabei, so dass eine musikalische Kontinuit\u00e4t gew\u00e4hrleistet ist.<\/p>\t\t\t\t\t\t<\/div>\n\t\t\t\t<\/div>\n\t\t\t\t<div class=\"elementor-element elementor-element-23c20fe elementor-widget elementor-widget-text-editor\" data-id=\"23c20fe\" data-element_type=\"widget\" data-widget_type=\"text-editor.default\">\n\t\t\t\t<div class=\"elementor-widget-container\">\n\t\t\t\t\t\t\t<!-- wp:paragraph --><!-- \/wp:image --><!-- wp:paragraph {\"align\":\"left\",\"textColor\":\"primary\",\"className\":\"is-style-no-vertical-margin\"} -->\n<p class=\"has-text-align-left is-style-no-vertical-margin has-primary-color has-text-color\">Durch die Besch\u00e4ftigung mit verschiedenen Stilen und Musik verschiedener zeitlicher Epochen steht der Chor immer wieder vor neuen Herausforderungen. Wichtig f\u00fcr die Probenarbeit und die Auff\u00fchrungen sind auch die Erkenntnisse der historischen Auff\u00fchrungspraxis und die stilgerechte Interpretation des jeweiligen Werkes. Dazu tr\u00e4gt auch die intensive Stimmbildung bei, die f\u00fcr den Chor in jeder Probe selbstverst\u00e4ndlich dazugeh\u00f6rt.<br \/>In den vergangenen Jahren f\u00fchrte CANTUS RHEINFELDEN seine Konzerte unter der Mitwirkung von Solistinnen und Solisten sowie dem Orchester Camerata Basel und dem Barockorchester Capriccio in der Stadtkirche Rheinfelden, in der Klosterkirche Olsberg und in der kath. Kirche Laufenburg auf. Dabei erklangen grosse Chorwerke, unter anderem das Weihnachsoratorium, das Magnificat und die Johannespassion von J.S. Bach, das Gloria und Dixit Dominus von A. Vivaldi, das Requiem und die Kr\u00f6nungsmesse von W. A. Mozart, das Salve Regina, die Sch\u00f6pfung, die Theresienmesse und die Nelsonmesse von J. Haydn, das Lauda Sion und Psalmvertonungen von F. Mendelssohn-Bartholdy, sowie das Te Deum und die Messe in D von A. Dvorak. 2016 konnte CANTUS RHEINFELDEN (<em>vormals Projektchor Rheinfelden<\/em>) sein 20-j\u00e4hriges Bestehen feiern. Zu diesem Anlass f\u00fchrte der Chor in einer l\u00e4nder\u00fcbergreifenden Zusammenarbeit mit der evangelischen Kantorei Rheinfelden-Baden das Oratorium von F. Mendelssohn-Bartholdy in zwei vielbeachteten Konzerten beidseits des Rheins auf.<br \/>Festliche Musik aus Venedig, mit Gabrieli, Monteverdi und Sch\u00fctz und Werke von W. A. Mozart aus der Zeit als W. A. Mozart in Salzburg weilte, waren die letzten Konzerte des CANTUS RHEINFELDEN.<\/p>\n<!-- \/wp:paragraph -->\t\t\t\t\t\t<\/div>\n\t\t\t\t<\/div>\n\t\t\t\t\t<\/div>\n\t\t<\/div>\n\t\t\t\t\t\t\t<\/div>\n\t\t<\/section>\n\t\t\t\t\t\t\t<\/div>\n\t\t","protected":false},"excerpt":{"rendered":"<p>CANTUS RHEINFELDEN vormals (Projektchor Rheinfelden) wurde 1996 gegr\u00fcndet, besteht aus durchschnittlich 70 S\u00e4ngerinnen und S\u00e4ngern aus Rheinfelden und Umgebung und praktiziert ein projektbezogenes Chormodell. Diese Form einer Chorarbeit, welche den Interessenten weitgehende Entscheidungsfreiheit zugesteht, hat sich bew\u00e4hrt. Trotzdem sind die meisten S\u00e4nger\/innen seit Jahren dabei, so dass eine musikalische Kontinuit\u00e4t gew\u00e4hrleistet ist. Durch die Besch\u00e4ftigung&hellip;<\/p>\n","protected":false},"author":2,"featured_media":0,"parent":0,"menu_order":0,"comment_status":"closed","ping_status":"closed","template":"","meta":{"footnotes":""},"class_list":["post-146","page","type-page","status-publish","hentry"],"_links":{"self":[{"href":"https:\/\/staging.cantus-rheinfelden.ch\/index.php?rest_route=\/wp\/v2\/pages\/146","targetHints":{"allow":["GET"]}}],"collection":[{"href":"https:\/\/staging.cantus-rheinfelden.ch\/index.php?rest_route=\/wp\/v2\/pages"}],"about":[{"href":"https:\/\/staging.cantus-rheinfelden.ch\/index.php?rest_route=\/wp\/v2\/types\/page"}],"author":[{"embeddable":true,"href":"https:\/\/staging.cantus-rheinfelden.ch\/index.php?rest_route=\/wp\/v2\/users\/2"}],"replies":[{"embeddable":true,"href":"https:\/\/staging.cantus-rheinfelden.ch\/index.php?rest_route=%2Fwp%2Fv2%2Fcomments&post=146"}],"version-history":[{"count":39,"href":"https:\/\/staging.cantus-rheinfelden.ch\/index.php?rest_route=\/wp\/v2\/pages\/146\/revisions"}],"predecessor-version":[{"id":597,"href":"https:\/\/staging.cantus-rheinfelden.ch\/index.php?rest_route=\/wp\/v2\/pages\/146\/revisions\/597"}],"wp:attachment":[{"href":"https:\/\/staging.cantus-rheinfelden.ch\/index.php?rest_route=%2Fwp%2Fv2%2Fmedia&parent=146"}],"curies":[{"name":"wp","href":"https:\/\/api.w.org\/{rel}","templated":true}]}}

<div data-elementor-type="wp-page" data-elementor-id="146" class="elementor elementor-146">
									<section class="elementor-section elementor-top-section elementor-element elementor-element-6d9778a elementor-section-boxed elementor-section-height-default elementor-section-height-default" data-id="6d9778a" data-element_type="section">
						<div class="elementor-container elementor-column-gap-default">
					<div class="elementor-column elementor-col-100 elementor-top-column elementor-element elementor-element-09d64d5" data-id="09d64d5" data-element_type="column">
			<div class="elementor-widget-wrap elementor-element-populated">
								<div class="elementor-element elementor-element-3d01350 elementor-widget elementor-widget-image" data-id="3d01350" data-element_type="widget" data-widget_type="image.default">
				<div class="elementor-widget-container">
			<style>/*! elementor - v3.6.5 - 27-04-2022 */
.elementor-widget-image{text-align:center}.elementor-widget-image a{display:inline-block}.elementor-widget-image a img[src$=".svg"]{width:48px}.elementor-widget-image img{vertical-align:middle;display:inline-block}</style>												<img loading="lazy" decoding="async" width="652" height="367" src="https://staging.cantus-rheinfelden.ch/wp-content/uploads/2021/04/IMG_7352.jpg" class="attachment-large size-large" alt="" srcset="https://staging.cantus-rheinfelden.ch/wp-content/uploads/2021/04/IMG_7352.jpg 900w, https://staging.cantus-rheinfelden.ch/wp-content/uploads/2021/04/IMG_7352-600x338.jpg 600w, https://staging.cantus-rheinfelden.ch/wp-content/uploads/2021/04/IMG_7352-300x169.jpg 300w, https://staging.cantus-rheinfelden.ch/wp-content/uploads/2021/04/IMG_7352-768x433.jpg 768w" sizes="auto, (max-width: 652px) 100vw, 652px" />															</div>
				</div>
				<div class="elementor-element elementor-element-6193ee0 elementor-widget elementor-widget-text-editor" data-id="6193ee0" data-element_type="widget" data-widget_type="text-editor.default">
				<div class="elementor-widget-container">
			<style>/*! elementor - v3.6.5 - 27-04-2022 */
.elementor-widget-text-editor.elementor-drop-cap-view-stacked .elementor-drop-cap{background-color:#818a91;color:#fff}.elementor-widget-text-editor.elementor-drop-cap-view-framed .elementor-drop-cap{color:#818a91;border:3px solid;background-color:transparent}.elementor-widget-text-editor:not(.elementor-drop-cap-view-default) .elementor-drop-cap{margin-top:8px}.elementor-widget-text-editor:not(.elementor-drop-cap-view-default) .elementor-drop-cap-letter{width:1em;height:1em}.elementor-widget-text-editor .elementor-drop-cap{float:left;text-align:center;line-height:1;font-size:50px}.elementor-widget-text-editor .elementor-drop-cap-letter{display:inline-block}</style>				<p>CANTUS RHEINFELDEN vormals (<em>Projektchor Rheinfelden</em>) wurde 1996 gegründet, besteht aus durchschnittlich 70 Sängerinnen und Sängern aus Rheinfelden und Umgebung und praktiziert ein projektbezogenes Chormodell. Diese Form einer Chorarbeit, welche den Interessenten weitgehende Entscheidungsfreiheit zugesteht, hat sich bewährt. Trotzdem sind die meisten Sänger/innen seit Jahren dabei, so dass eine musikalische Kontinuität gewährleistet ist.</p>						</div>
				</div>
				<div class="elementor-element elementor-element-23c20fe elementor-widget elementor-widget-text-editor" data-id="23c20fe" data-element_type="widget" data-widget_type="text-editor.default">
				<div class="elementor-widget-container">
							<!-- wp:paragraph --><!-- /wp:image --><!-- wp:paragraph {"align":"left","textColor":"primary","className":"is-style-no-vertical-margin"} -->
<p class="has-text-align-left is-style-no-vertical-margin has-primary-color has-text-color">Durch die Beschäftigung mit verschiedenen Stilen und Musik verschiedener zeitlicher Epochen steht der Chor immer wieder vor neuen Herausforderungen. Wichtig für die Probenarbeit und die Aufführungen sind auch die Erkenntnisse der historischen Aufführungspraxis und die stilgerechte Interpretation des jeweiligen Werkes. Dazu trägt auch die intensive Stimmbildung bei, die für den Chor in jeder Probe selbstverständlich dazugehört.<br />In den vergangenen Jahren führte CANTUS RHEINFELDEN seine Konzerte unter der Mitwirkung von Solistinnen und Solisten sowie dem Orchester Camerata Basel und dem Barockorchester Capriccio in der Stadtkirche Rheinfelden, in der Klosterkirche Olsberg und in der kath. Kirche Laufenburg auf. Dabei erklangen grosse Chorwerke, unter anderem das Weihnachsoratorium, das Magnificat und die Johannespassion von J.S. Bach, das Gloria und Dixit Dominus von A. Vivaldi, das Requiem und die Krönungsmesse von W. A. Mozart, das Salve Regina, die Schöpfung, die Theresienmesse und die Nelsonmesse von J. Haydn, das Lauda Sion und Psalmvertonungen von F. Mendelssohn-Bartholdy, sowie das Te Deum und die Messe in D von A. Dvorak. 2016 konnte CANTUS RHEINFELDEN (<em>vormals Projektchor Rheinfelden</em>) sein 20-jähriges Bestehen feiern. Zu diesem Anlass führte der Chor in einer länderübergreifenden Zusammenarbeit mit der evangelischen Kantorei Rheinfelden-Baden das Oratorium von F. Mendelssohn-Bartholdy in zwei vielbeachteten Konzerten beidseits des Rheins auf.<br />Festliche Musik aus Venedig, mit Gabrieli, Monteverdi und Schütz und Werke von W. A. Mozart aus der Zeit als W. A. Mozart in Salzburg weilte, waren die letzten Konzerte des CANTUS RHEINFELDEN.</p>
<!-- /wp:paragraph -->						</div>
				</div>
					</div>
		</div>
							</div>
		</section>
							</div>

<p>CANTUS RHEINFELDEN vormals (Projektchor Rheinfelden) wurde 1996 gegründet, besteht aus durchschnittlich 70 Sängerinnen und Sängern aus Rheinfelden und Umgebung und praktiziert ein projektbezogenes Chormodell. Diese Form einer Chorarbeit, welche den Interessenten weitgehende Entscheidungsfreiheit zugesteht, hat sich bewährt. Trotzdem sind die meisten Sänger/innen seit Jahren dabei, so dass eine musikalische Kontinuität gewährleistet ist. Durch die Beschäftigung&hellip;</p>
